5, what is b9202 + 4?
b9206
In base 14, what is -65cc8 - -3?
-65cc5
In base 14, what is d410 + -29?
d3c5
In base 14, what is 108 + -2d33?
-2c29
In base 16, what is 2b + b375?
b3a0
In base 5, what is -32331 + -104?
-32440
In base 12, what is 5 - 291?
-288
In base 16, what is 0 - 1c13?
-1c13
In base 10, what is 10 + 9421?
9431
In base 10, what is -96 + -2840?
-2936
In base 3, what is 12100 + -21111?
-2011
In base 12, what is 7 + -383b?
-3834
In base 14, what is -451 + 34?
-41b
In base 15, what is -12b - -ac?
-6e
In base 6, what is -3 - -343001?
342554
In base 8, what is -4 + 254?
250
In base 4, what is 1023122 + -23?
1023033
In base 12, what is -638b3 + -11?
-63904
In base 11, what is -10a5 - 3?
-10a8
In base 2, what is -101 - -100010000010000?
100010000001011
In base 8, what is -25 - 2554?
-2601
In base 7, what is -1334 + 3126?
1462
In base 11, what is 175979 + 3?
175981
In base 2, what is -111100111110110 - 0?
-111100111110110
In base 5, what is -2 + 211004314?
211004312
In base 4, what is 3 + 2012012?
2012021
In base 10, what is 2 - 1342?
-1340
In base 8, what is -1033 - 14477?
-15532
In base 7, what is 202626 + 3?
202632
In base 5, what is 4 - -2404122?
2404131
In base 16, what is -4 - -129f?
129b
In base 11, what is -2 + -121aa?
-12201
In base 14, what is 1 - 14258?
-14257
In base 9, what is 44 - 184560?
-184515
In base 13, what is 18a + 94b?
b08
In base 13, what is -24 + 2c4c?
2c28
In base 2, what is -1101 + 10011010010?
10011000101
In base 9, what is -332 - -13?
-318
In base 13, what is -79031c - -2?
-79031a
In base 16, what is -11 + 1f5b7?
1f5a6
In base 13, what is 20955 + 2?
20957
In base 15, what is -82 + 19c5?
1943
In base 2, what is -11100111011101110 + -10110?
-11100111100000100
In base 3, what is -21 + -12001112221?
-12001120012
In base 10, what is -6022983 - 5?
-6022988
In base 8, what is 226400 + 0?
226400
In base 12, what is -609b1 + 9?
-609a4
In base 11, what is -7 + 89677?
89670
In base 2, what is -1000010011010 - 100011?
-1000010111101
In base 9, what is -1482 + -13?
-1505
In base 10, what is -31 - -664?
633
In base 13, what is -2938 - -2?
-2936
In base 6, what is -10405 + 253?
-10112
In base 4, what is 1111221113 + -12?
1111221101
In base 13, what is 1 - -311b?
311c
In base 7, what is -20404 - 35?
-20442
In base 10, what is 53413 + -10?
53403
In base 7, what is -151 - 63?
-244
In base 7, what is -152 - 154544?
-155026
In base 7, what is -12 + -3005?
-3020
In base 13, what is -26 - -1bc6?
1ba0
In base 11, what is 4a4 - 8a?
415
In base 13, what is 26 - 4a0?
-477
In base 13, what is -2144 - -10a?
-2037
In base 12, what is 149 - 46?
103
In base 6, what is 1331 + -452?
435
In base 8, what is -477 + -1035?
-1534
In base 11, what is 1 + 4861?
4862
In base 15, what is -b1a - -154?
-9b6
In base 9, what is 55537 - 21?
55516
In base 5, what is -131 + 2313?
2132
In base 16, what is 3 + 330c?
330f
In base 9, what is -4 + 546511?
546506
In base 4, what is -2221 - 131233?
-200120
In base 4, what is -3321313 + -12?
-3321331
In base 7, what is 3 + 2420612?
2420615
In base 13, what is -c150 + 3?
-c14a
In base 13, what is -1 - a7?
-a8
In base 8, what is -3 - -7034?
7031
In base 13, what is -7416b - -1?
-7416a
In base 12, what is 137a83 + 1?
137a84
In base 6, what is 1025323 + -22?
1025301
In base 5, what is 22 - -133010?
133032
In base 10, what is 127 - -181?
308
In base 11, what is 28a1 + -6?
2896
In base 8, what is -22 + -1456?
-1500
In base 12, what is -4 - 21a0a6?
-21a0aa
In base 15, what is 2dc9 - 42?
2d87
In base 4, what is -11300 - -1331033?
1313133
In base 11, what is a1 + 26a3?
2794
In base 3, what is 10 + 21210212202?
21210212212
In base 4, what is 232033101 - 10?
232033031
In base 13, what is -c09 - -96?
-b43
In base 9, what is 4 + 8062?
8066
In base 13, what is -4 - 65031?
-65035
In base 2, what is -11 + -11001011001000101101?
-11001011001000110000
In base 11, what is -a + -19415?
-19424
In base 12, what is 107 - 2311?
-2206
In base 3, what is 2 + 1010111011?
1010111020
In base 4, what is -32020333 - 1110?
-32022103
In base 2, what is 1110111010001101111 - -10?
1110111010001110001
In base 13, what is 64676 + -13?
64663
In base 8, what is 7 + -5337651?
-5337642
In base 14, what is 25d42 - 3?
25d3d
In base 3, what is -2101 + 1210?
-121
In base 6, what is -2 + -34323552?
-34323554
In base 7, what is 465 - -4051?
4546
In base 15, what is -15532 + -1?
-15533
In base 16, what is -7cf - -b?
-7c4
In base 8, what is -1 - 33026?
-33027
In base 16, what is -29d + -16a?
-407
In base 14, what is 25a + 234?
490
In base 3, what is 110010221 + -102?
110010112
In base 6, what is 13443 - -110?
13553
In base 9, what is -3243258 + 5?
-3243253
In base 16, what is -26632 + -4?
-26636
In base 7, what is 1221 + -2464?
-1243
In base 4, what is -131332 - 10230?
-202222
In base 2, what is -1100011110011 - 1?
-1100011110100
In base 7, what is -14 - 412460?
-412504
In base 9, what is -2 + 161340?
161337
In base 15, what is -3 + -e402?
-e405
In base 5, what is -4 - -140424200?
140424141
In base 5, what is -30343343 + -2?
-30343400
In base 8, what is 137341 - -11?
137352
In base 7, what is -2134 - -11?
-2123
In base 10, what is -1 - 739110?
-739111
In base 10, what is -5 - 114701?
-114706
In base 13, what is -c - -6ab6?
6aa7
In base 7, what is -306 - -135?
-141
In base 12, what is a9 + -1875?
-1788
In base 16, what is -8 - 65b0?
-65b8
In base 8, what is 6 + 4445?
4453
In base 9, what is -5 - 1116746?
-1116752
In base 5, what is -322 + -41032?
-41404
In base 7, what is 124 - -11?
135
In base 12, what is 8910 + -5?
8907
In base 7, what is -140 + 31562?
31422
In base 14, what is 5a5 - 1?
5a4
In base 2, what is -1 + -10001000001111001?
-10001000001111010
In base 10, what is 5 - 14594?
-14589
In base 13, what is -1547 + a?
-153a
In base 14, what is b7 - -680?
757
In base 5, what is 4 - -1130032?
1130041
In base 15, what is 3a6b - -80?
3aeb
In base 2, what is -1 + -10001100001100011?
-10001100001100100
In base 5, what is -1300 + 232?
-1013
In base 15, what is -5 + 5d50b?
5d506
In base 3, what is -10011020120210 + 11?
-10011020120122
In base 16, what is -c8 + -3da?
-4a2
In base 13, what is 3 - -197b?
1981
In base 9, what is 0 - 182437?
-182437
In base 8, what is -576 + 476?
-100
In base 13, what is c01 + -c?
bc2
In base 13, what is -2 + -574c2?
-574c4
In base 8, what is -354323 - -2?
-354321
In base 5, what is 4 + 1130222?
1130231
In base 4, what is 2112121 + -1231?
2110230
In base 8, what is -36 + -5473?
-5531
In base 2, what is -11001100 + 100110010101?
100011001001
In base 8, what is -4 - -132574?
132570
In base 2, what is -1010010011000 + 1001?
-1010010001111
In base 15, what is 18565 - -8?
1856d
In base 15, what is -bd - 48a?
-558
In base 9, what is 1332444 - 4?
1332440
In base 11, what is 3 + -217427?
-217424
In base 16, what is -b186 + 10?
-b176
In base 16, what is 604 - -1?
605
In base 14, what is 1 + -5876?
-5875
In base 15, what is 46bb2a - 3?
46bb27
In base 5, what is 110 + 13014?
13124
In base 9, what is -17 - 5325?
-5343
In base 3, what is 12012102 + 201122?
12221001
In base 8, what is 737204 - 4?
737200
In base 7, what is 32642 - -31?
33003
In base 7, what is 13002 - 10?
12662
In base 15, what is -969 - 13?
-97c
In base 6, what is 3 + -510050?
-510043
In base 12, what is -1 - -30794b?
30794a
In base 7, what is 2514 + -2?
2512
In base 15, what is 3 - e6b?
-e68
In base 16, what is 3612 - -5?
3617
In base 16, what is 7596 + -24?
7572
In base 5, what is -2011 - 44441?
-102002
In base 15, what is -5 - -b87?
b82
In base 6, what is 15430 - 13?
15413
In base 8, what is -3760 + 41?
-3717
In base 3, what is -120 + 21001020222?
21001020102
In base 2, what is 111111100111010 + -1?
111111100111001
In base 7, what is 610 - -463?
1403
In base 4, what is 1322 + 2220020?
2222002
In base 9, what is -3 - 14737?
-14741
In base 6, what is 10424 + 2232?
13100
In base 4, what is 132133 + 1002?
133201
In base 7, what is -1404 - 3213?
-4620
In base 5, what is -1143113 - -4?
-1143104
In base 4, what is -13130331033 - 3?
-13130331102
In base 13, what is -108 - -680c?
6704
In base 3, what is -11 + 12022101?
12022020
In base 5, what is -122312211 + -10?
-122312221
In base 16, what is 259fa - 2?
259f8
In base 12, what is aa87 - -25?
aab0
In base 3, what is 10 + 22211002?
22211012